ulate the greatest common divisor of 4 and 271938.
2
Calculate the greatest common divisor of 16385 and 464.
29
What is the greatest common divisor of 184850 and 950?
50
What is the greatest common factor of 190448 and 304?
16
What is the highest common factor of 29944 and 12017?
197
What is the highest common factor of 2045034 and 54?
54
What is the highest common divisor of 273247 and 65?
13
What is the greatest common factor of 20 and 83090?
10
Calculate the greatest common divisor of 31970 and 1529.
139
Calculate the highest common factor of 83668 and 52.
52
What is the highest common factor of 67355 and 95?
95
Calculate the highest common factor of 18760 and 9464.
56
Calculate the greatest common factor of 47982 and 1166.
22
What is the greatest common divisor of 8 and 328616?
8
Calculate the highest common divisor of 1360941 and 87.
87
Calculate the greatest common factor of 236930 and 3915.
145
Calculate the greatest common divisor of 3009 and 5763.
51
Calculate the greatest common factor of 424 and 85012.
212
Calculate the greatest common factor of 80949 and 2904.
363
Calculate the highest common factor of 225 and 88128.
9
What is the greatest common factor of 1392 and 116016?
48
Calculate the highest common factor of 25410 and 175.
35
Calculate the greatest common divisor of 176 and 653136.
176
What is the highest common divisor of 121 and 112673?
11
Calculate the greatest common factor of 231 and 224609.
77
What is the highest common factor of 1734 and 42024?
102
What is the highest common factor of 217299 and 339?
339
Calculate the greatest common divisor of 15796 and 110.
22
What is the highest common divisor of 1591 and 172?
43
What is the greatest common divisor of 180 and 76932?
36
Calculate the highest common factor of 34248 and 12.
12
Calculate the highest common divisor of 150 and 10550.
50
What is the highest common factor of 903 and 463368?
129
Calculate the highest common divisor of 149336 and 24.
8
Calculate the greatest common factor of 171215 and 1331.
121
Calculate the highest common factor of 1372 and 1610042.
686
Calculate the highest common factor of 786 and 58.
2
Calculate the greatest common factor of 216578 and 10.
2
What is the greatest common divisor of 163873 and 103?
103
What is the highest common divisor of 16 and 325480?
8
Calculate the greatest common divisor of 2013 and 17446.
671
What is the highest common factor of 6308 and 87316?
332
Calculate the greatest common factor of 11053 and 259.
7
Calculate the highest common divisor of 1270 and 198755.
635
What is the greatest common divisor of 518 and 1967?
7
Calculate the greatest common divisor of 15895 and 4488.
187
What is the highest common factor of 5829 and 9447?
201
Calculate the greatest common divisor of 148912 and 20336.
656
What is the highest common factor of 43217 and 46?
23
Calculate the greatest common divisor of 666 and 12802.
74
Calculate the greatest common factor of 841205 and 3735.
415
What is the highest common divisor of 11 and 6068491?
11
What is the greatest common factor of 1504 and 49408?
32
Calculate the greatest common factor of 6 and 389514.
6
Calculate the highest common factor of 7708 and 1316.
188
What is the highest common factor of 9128 and 10080?
56
What is the greatest common divisor of 20 and 3442030?
10
What is the greatest common factor of 399196 and 308?
28
Calculate the greatest common factor of 42 and 10563.
21
Calculate the highest common divisor of 12 and 1953786.
6
What is the greatest common divisor of 52 and 36683868?
52
Calculate the highest common divisor of 18 and 7060.
2
Calculate the highest common divisor of 96880 and 4.
4
Calculate the greatest common factor of 190 and 150860.
190
What is the greatest common factor of 4500 and 5975?
25
What is the greatest common factor of 9 and 1455786?
9
What is the highest common factor of 4 and 224019?
1
Calculate the highest common divisor of 29602 and 247.
19
What is the highest common divisor of 1711 and 51707?
29
Calculate the greatest common factor of 433875 and 7800.
975
What is the highest common factor of 925390 and 290?
290
What is the greatest common factor of 5063 and 1220?
61
What is the highest common divisor of 5781 and 2820?
141
Calculate the greatest common divisor of 8 and 2530144.
8
Calculate the greatest common factor of 2142 and 572067.
153
Calculate the highest common factor of 390 and 21870.
30
Calculate the greatest common divisor of 795 and 4965.
15
What is the highest common divisor of 13527 and 135?
27
What is the highest common factor of 4484 and 219260?
76
What is the greatest common divisor of 53 and 13171?
1
What is the greatest common factor of 16940 and 1295?
35
Calculate the greatest common factor of 385 and 13750.
55
Calculate the highest common factor of 7434 and 23718.
354
Calculate the greatest common factor of 15850 and 56109.
317
What is the highest common divisor of 270 and 89280?
90
Calculate the highest common factor of 135 and 20745.
45
What is the greatest common divisor of 13245 and 15?
15
What is the highest common factor of 16650 and 11700?
450
What is the greatest common divisor of 169668 and 5076?
108
What is the highest common divisor of 188157 and 209?
19
What is the greatest common divisor of 6 and 105861?
3
What is the greatest common divisor of 19 and 1144636?
19
What is the highest common divisor of 477 and 19503?
9
Calculate the highest common factor of 2084848 and 48.
16
Calculate the greatest common factor of 76 and 35701.
19
Calculate the highest common factor of 61782 and 84.
42
Calculate the greatest common divisor of 3717 and 1008.
63
What is the greatest common divisor of 3904 and 29646?
122
Calculate the highest common factor of 567970 and 3536.
442
Calculate the highest common factor of 72972 and 1764.
36
What is the highest common factor of 1753701 and 1038?
519
Calculate the highest common factor of 6156 and 49932.
684
Calculate the greatest common divisor of 93872 and 48.
16
Calculate the greatest common divisor of 17348 and 36.
4
Calculate the highest common divisor of 35 and 178955.
35
Calculate the highest common divisor of 3953 and 7080.
59
Calculate the highest common factor of 48477 and 3861.
429
Calculate the highest common factor of 581 and 10367.
7
Calculate the greatest common divisor of 240 and 348810.
30
Calculate the highest common factor of 4845 and 2346.
51
What is the greatest common divisor of 252315 and 3150?
315
Calculate the greatest common divisor of 74 and 622.
2
Calculate the greatest common divisor of 2415 and 235865.
805
What is the greatest common divisor of 36 and 904572?
36
Calculate the greatest common divisor of 679328 and 92.
92
What is the greatest common factor of 3667 and 152?
19
Calculate the highest common factor of 26 and 7397234.
26
Calculate the greatest common divisor of 114 and 1182.
6
What is the highest common divisor of 42 and 473718?
42
Calculate the highest common divisor of 164 and 82697.
41
What is the greatest common divisor of 23107 and 343?
7
Calculate the greatest common divisor of 2973390 and 420.
210
Calculate the greatest common factor of 432 and 2396160.
144
What is the highest common divisor of 195 and 67795?
65
What is the greatest common divisor of 374780 and 350?
70
Calculate the highest common factor of 26403 and 3.
3
Calculate the highest common factor of 275 and 525525.
275
Calculate the highest common divisor of 5551941 and 613.
613
Calculate the greatest common factor of 696 and 12093.
87
Calculate the highest common divisor of 64496 and 145.
29
Calculate the highest common factor of 5 and 257.
1
Calculate the highest common divisor of 1550893 and 34.
17
What is the highest common divisor of 13308 and 2688?
12
What is the greatest common divisor of 165 and 73975?
55
Calculate the greatest common factor of 699 and 6.
3
Calculate the greatest common divisor of 601976 and 752.
376
What is the greatest common divisor of 50 and 9865400?
50
Calculate the highest common factor of 5210 and 160.
10
Calculate the highest common divisor of 24 and 3542248.
8
What is the highest common divisor of 1037 and 1553243?
61
Calculate the greatest common factor of 58330 and 10.
10
Calculate the highest common factor of 6717 and 107.
1
Calculate the gre